{"id":44,"date":"2019-04-03T19:14:40","date_gmt":"2019-04-03T19:14:40","guid":{"rendered":"http:\/\/saadata.com\/?page_id=44"},"modified":"2025-08-18T09:51:31","modified_gmt":"2025-08-18T09:51:31","slug":"selected-publications","status":"publish","type":"page","link":"https:\/\/saadata.com\/?page_id=44","title":{"rendered":""},"content":{"rendered":"\n<blockquote class=\"wp-block-quote is-layout-flow wp-block-quote-is-layout-flow\">\n<p>PhD students<\/p>\n<\/blockquote>\n\n\n\n<p><strong><em>Current<\/em><\/strong><\/p>\n\n\n\n<p>MSc. Behnoush Kahmmar (Topic: Energy applications of plasmonic nanoparticles)<\/p>\n\n\n\n<p>MSc. Marcos Orellana  (Topic: Theoretical modeling and statistical simulation of variables with asymmetric probability distribution functions)<\/p>\n\n\n\n<p><em><strong>Finished<\/strong><\/em><\/p>\n\n\n\n<p>Dr. Camila Mar\u00edn (2025)<br>Dr. Ives Torriente  (2025)<br>Dr. Santiago Ortu\u00f1o  (2025)<br>Dr. Alireza Hassani  (2024)<br>Dr. Mois\u00e9s Hern\u00e1iz (2021)<br>Dr. Marcos H. Gim\u00e9nez (2017) <br><\/p>\n\n\n\n<blockquote class=\"wp-block-quote is-layout-flow wp-block-quote-is-layout-flow\">\n<p>Current collaborators<\/p>\n<\/blockquote>\n\n\n\n<p>Prof. Norge Cruz-Hern\u00e1ndez<br><em>Department of Applied Physics I, University of Seville, Spain<\/em><\/p>\n\n\n\n<p>Prof. Ricardo Grau-Crespo<br><em>School of Engineering and Materials Science, Queen Mary &#8211; University of London, UK<\/em><\/p>\n\n\n\n<p>Prof. Georg Held<br><em>Principal Beamline Scientist for B07, Dimond Light Source synchrotron, UK<\/em><\/p>\n\n\n\n<p>Dr. Jorge Ontaneda<br><em>University of Duisburg-Essen, Germany<\/em><\/p>\n\n\n\n<p>Prof. Said Hamad-G\u00f3mez<br><em>Department of Physical, Chemical and Natural Systems, Universidad Pablo de Olavide, Seville, Spain<\/em><\/p>\n\n\n\n<p>Prof. Miguel Urbiztondo-Castro<br><em>Centro Universitario de la Defensa, University of Zaragoza, Spain.<\/em><\/p>\n\n\n\n<p>Prof. Pedro Fern\u00e1ndez-de-C\u00f3rdoba<br><em>Department of Applied Mathematics, Universitat Polit\u00e8cnica de&nbsp;Val\u00e8ncia, Spain<\/em><\/p>\n\n\n\n<p>Prof. Juan A. Monsoriu<br><em>Department of Applied Physics, Universitat Polit\u00e8cnica de&nbsp;Val\u00e8ncia, Spain<\/em><\/p>\n\n\n\n<p>Prof. J. M. Isidro<br><em>Department of Applied Mathematics,&nbsp;Universitat Polit\u00e8cnica de Val\u00e8ncia, Spain<\/em><\/p>\n\n\n\n<p>Prof. Ovidio Pe\u00f1a-Rodr\u00edguez<br><em>Institute for Nuclear Fusion, Technical University of Madrid<\/em><\/p>\n\n\n\n<p>Prof. Sarira Sahu<br><em>Instituto de Ciencias Nucleares, Universidad Nacional Aut\u00f3noma de M\u00e9xico, Mexico DF<\/em><\/p>\n\n\n\n<p>Dr. Victor Milli\u00e1n-S\u00e1nchez<br><em>Inst. for Industrial, Radiophysical and Environmental Safety, Universitat Polit\u00e8cnica de Val\u00e8ncia, Spain<\/em><\/p>\n\n\n\n<p>Prof. Luisberis Vel\u00e1zquez-Abad<br><em>Department of Physics, Universidad Cat\u00f3lica del Norte, Chile<\/em><\/p>\n\n\n\n<p>Prof. A. Rabdel Ruiz-Salvador<br><em>Department of Physical, Chemical and Natural Systems, Universidad Pablo de Olavide, Seville, Spain<\/em><\/p>\n\n\n\n<p><strong>Former collaborators<\/strong><\/p>\n\n\n\n<p>Prof. Markus Meuwly<br><em>Department of Chemistry, University of Basel, Switzerland<\/em><\/p>\n\n\n\n<p>Prof. Jes\u00fas Rubayo-Soneira<br><em><em>Department of General Physics and Mathematics, Institute of Nuclear Sciences and Technology, Havana<\/em><\/em><\/p>\n\n\n\n<p>Prof. German Rojas-Lorenzo<br><em>Department of General Physics and Mathematics, Institute of Nuclear Sciences and Technology, Havana<\/em><\/p>\n\n\n\n<p>Prof. Andrea Lombardi<br><em>Dipartimento di Chimica, Universit\u00e0 deglie Studi di Perugia, Italy<\/em><\/p>\n\n\n\n<p>Prof. Vincenzo Aquilanti<br>Emeritus Professsor,&nbsp;<em>Dipartimento di Chimica,<\/em>&nbsp;<em>Universit\u00e0 deglie Studi di Perugia, Italy<\/em><\/p>\n\n\n\n<p>Prof. Koichi Yamashita<br>Emeritus Professsor,&nbsp;<em>the University of Tokyo<\/em><\/p>\n\n\n\n<p>Prof. Velisa Vesovic<br><em>Department of Earth Science &amp; Engineering<\/em>,&nbsp;<em>Imperial College London<\/em><\/p>\n\n\n\n<p>Dr. Tibor Nagy<br><em>IMEC, Research Center for Natural Sciences, Hungary<\/em><\/p>\n\n\n\n<p>Prof. Robert Hellmann<br><em>Institut f\u00fcr Thermodynamik, Helmut-Schmidt-Universit\u00e4t, Germany<\/em><\/p>\n\n\n\n<p>Dr. Raymond Bemish<br><em>Space Vehicle Directorate, Air Force Research Laboratory, USA<\/em><\/p>\n\n\n\n<p>Prof. Otoniel Denis Alpizar<br><em>Universidad Aut\u00f3noma de Chile, Chile<\/em><\/p>\n","protected":false},"excerpt":{"rendered":"<p>PhD students Current MSc. Behnoush Kahmmar (Topic: Energy applications of plasmonic nanoparticles) MSc. Marcos Orellana (Topic: Theoretical modeling and statistical simulation of variables with asymmetric probability distribution functions) Finished Dr. Camila Mar\u00edn (2025)Dr. Ives Torriente (2025)Dr. Santiago Ortu\u00f1o (2025)Dr. Alireza Hassani (2024)Dr. Mois\u00e9s Hern\u00e1iz (2021)Dr. Marcos H. Gim\u00e9nez (2017) Current collaborators Prof. Norge Cruz-Hern\u00e1ndezDepartment of&hellip;<\/p>\n<div><a class=\"excerpt-more button\" href=\"https:\/\/saadata.com\/?page_id=44\">Read more <span class=\"screen-reader-text\"> <\/span><span class=\"meta-nav\" aria-hidden=\"true\"> &rarr;<\/span><\/a><\/div>\n","protected":false},"author":1,"featured_media":0,"parent":0,"menu_order":0,"comment_status":"closed","ping_status":"closed","template":"","meta":{"footnotes":""},"class_list":["post-44","page","type-page","status-publish","hentry"],"_links":{"self":[{"href":"https:\/\/saadata.com\/index.php?rest_route=\/wp\/v2\/pages\/44","targetHints":{"allow":["GET"]}}],"collection":[{"href":"https:\/\/saadata.com\/index.php?rest_route=\/wp\/v2\/pages"}],"about":[{"href":"https:\/\/saadata.com\/index.php?rest_route=\/wp\/v2\/types\/page"}],"author":[{"embeddable":true,"href":"https:\/\/saadata.com\/index.php?rest_route=\/wp\/v2\/users\/1"}],"replies":[{"embeddable":true,"href":"https:\/\/saadata.com\/index.php?rest_route=%2Fwp%2Fv2%2Fcomments&post=44"}],"version-history":[{"count":120,"href":"https:\/\/saadata.com\/index.php?rest_route=\/wp\/v2\/pages\/44\/revisions"}],"predecessor-version":[{"id":1239,"href":"https:\/\/saadata.com\/index.php?rest_route=\/wp\/v2\/pages\/44\/revisions\/1239"}],"wp:attachment":[{"href":"https:\/\/saadata.com\/index.php?rest_route=%2Fwp%2Fv2%2Fmedia&parent=44"}],"curies":[{"name":"wp","href":"https:\/\/api.w.org\/{rel}","templated":true}]}}